{"id":2931,"date":"2019-01-10T11:14:58","date_gmt":"2019-01-10T09:14:58","guid":{"rendered":"https:\/\/www.doqpriorat.org\/el-consell\/"},"modified":"2019-05-29T17:53:22","modified_gmt":"2019-05-29T15:53:22","slug":"el-consejo","status":"publish","type":"page","link":"https:\/\/www.doqpriorat.org\/es\/el-consejo\/","title":{"rendered":"El Consejo Regulador"},"content":{"rendered":"<div class=\"fusion-fullwidth fullwidth-box fusion-builder-row-1 nonhundred-percent-fullwidth non-hundred-percent-height-scrolling\" style=\"background-color: #ffffff;background-position: center center;background-repeat: no-repeat;padding-top:0px;padding-right:0px;padding-bottom:0px;padding-left:0px;margin-bottom: 0px;margin-top: 0px;border-width: 0px 0px 0px 0px;border-color:#eae9e9;border-style:solid;\" ><div class=\"fusion-builder-row fusion-row\"><div class=\"fusion-layout-column fusion_builder_column fusion-builder-column-0 fusion_builder_column_1_1 1_1 fusion-one-full fusion-column-first fusion-column-last\" style=\"margin-top:0px;margin-bottom:20px;\"><div class=\"fusion-column-wrapper fusion-flex-column-wrapper-legacy\" style=\"background-position:left top;background-repeat:no-repeat;-webkit-background-size:cover;-moz-background-size:cover;-o-background-size:cover;background-size:cover;padding: 0px 0px 0px 0px;\"><div class=\"fusion-text fusion-text-1\"><p>En 1924 la Comarca del Priorat d\u2019Scala Dei, formada por los pueblos de Bellmunt, Gratallops, la Morera, Poboleda, Porrera, Torroja y la Vilella Alta, elevaron al Directorio Militar de Primo de Rivera una Exposici\u00f3n en la que solicitaban la adopci\u00f3n de medidas para el reconocimiento de la zona y evitar su despoblaci\u00f3n. En 1928, estos mismos pueblos solicitan al Ministerio de Trabajo, Comercio e Industria del R\u00e9gimen de la \u00e9poca la creaci\u00f3n del Consejo Regulador del Priorato de Scala Dei como organismo designado para velar por esta denominaci\u00f3n vit\u00edcola, por el uso de la marca colectiva y por la gesti\u00f3n de la zona de producci\u00f3n.<\/p>\n<p>En 1932, con la aprobaci\u00f3n del Estatuto del Vino por parte del gobierno republicano, se reconoci\u00f3 a la zona del Priorat como regi\u00f3n vitivin\u00edcola a proteger, pero a causa de las circunstancias sociopol\u00edticas del momento no fue hasta unos a\u00f1os despu\u00e9s de la Guerra Civil, en 1954, cuando se oficializ\u00f3 la existencia de la Denominaci\u00f3n de Origen Priorat con un reglamento y un Consejo Regulador operativos. Esta medida daba rango legal a una marca vitivin\u00edcola con m\u00e1s de 1000 a\u00f1os de historia, tal como se recuerda en el lema que ha escogido el Consejo Regulador de la DOCa Priorat para conmemorar este a\u00f1o 2014: \u00abPriorat, 1.000 a\u00f1os de historia; 60 a\u00f1os de DO\u00bb.<\/p>\n<p>El Estatuto del Vino promulgado en 1932 por el Ministerio de Agricultura ya reconoc\u00eda el Priorat como zona vitivin\u00edcola a proteger.<\/p>\n<p>La aplicaci\u00f3n y ejecuci\u00f3n de esta Ley no se pudo realizar a causa de las circunstancias sociopol\u00edticas vividas en el pa\u00eds hasta finales de la Guerra Civil espa\u00f1ola (1936-1939).<\/p>\n<p>El 23 de Julio de 1954 se aprob\u00f3 el primer reglamento de la Denominaci\u00f3n de Origen Priorat y se public\u00f3 en el Bolet\u00edn Oficial del Estado el 11 de Agosto de 1954. En esos a\u00f1os, la existencia de la denominaci\u00f3n de origen supuso la posibilidad de ofrecer ciertas expectativas a la zona, muy castigada por la despoblaci\u00f3n y la crisis generalizada del mundo rural. El reglamento se modific\u00f3 posteriormente el 13 de Octubre de 1959 y m\u00e1s tarde el 19 de Mayo de 1975.<\/p>\n<p>Desde sus inicios la sede del Consejo Regulador se encontraba en la Estaci\u00f3n Enol\u00f3gica de Reus, pero en 1999 el Consejo Regulador se traslad\u00f3 a Torroja del Priorat, lo que ha contribuido a facilitar las gestiones y la posibilidad de implicaci\u00f3n del sector.<\/p>\n<p>En el a\u00f1o 2000, a causa del gran reconocimiento mundial que estaban consiguiendo los vinos de la DO Priorat en cuanto a calidad y especificidad y en cumplimiento del Real Decreto 157\/88 de 22 de Febrero y del Reglamento (CEE) 1493\/99 de 17 de Mayo, el Consejo Regulador en pleno acord\u00f3 solicitar a la Consejer\u00eda de Agricultura, Ganader\u00eda y Pesca de la Generalitat de Catalunya, a trav\u00e9s del <a href=\"http:\/\/www20.gencat.cat\/portal\/site\/DAR\/menuitem.5443552f0e295726eaf88613d8c0e1a0\/?vgnextoid=ab1e608347b24110VgnVCM1000000b0c1e0aRCRD&amp;vgnextchannel=ab1e608347b24110VgnVCM1000000b0c1e0aRCRD&amp;vgnextfmt=default\">Institut Catal\u00e0 de la Vinya i el Vi<\/a>, la concesi\u00f3n del sello de Denominaci\u00f3n de Origen Calificada.<\/p>\n<p>La Consejer\u00eda de Agricultura, una vez realizadas las comprobaciones oportunas, aprob\u00f3 el Reglamento regulador de la Denominaci\u00f3n de Origen Calificada Priorat el 18 de Diciembre de 2000, public\u00e1ndose en el DOGC (Diari Oficial de la Generalitat de Catalunya) N\u00fam. 3294 de 29 de Diciembre de 2000.<\/p>\n<p>El 18 de Abril de 2006 se aprob\u00f3 el nuevo reglamento de la DOCa Priorat, adapt\u00e1ndose a la nueva Ley de la Vi\u00f1a y el Vino y a la Llei Vitivin\u00edcola Catalana, public\u00e1ndose el nuevo reglamento en el DOGC N\u00fam. 4618 de 21 de Abril de 2006.<\/p>\n<\/div><div class=\"fusion-clearfix\"><\/div><\/div><\/div><\/div><\/div>\n","protected":false},"excerpt":{"rendered":"","protected":false},"author":1,"featured_media":0,"parent":0,"menu_order":0,"comment_status":"closed","ping_status":"closed","template":"","meta":{"footnotes":""},"class_list":["post-2931","page","type-page","status-publish","hentry"],"yoast_head":"<!-- This site is optimized with the Yoast SEO plugin v27.5 - https:\/\/yoast.com\/product\/yoast-seo-wordpress\/ -->\n<title>El Consejo Regulador - Consell Regulador de la DOQ Priorat<\/title>\n<meta name=\"robots\" content=\"index, follow, max-snippet:-1, max-image-preview:large, max-video-preview:-1\" \/>\n<link rel=\"canonical\" href=\"https:\/\/www.doqpriorat.org\/es\/el-consejo\/\" \/>\n<meta property=\"og:locale\" content=\"es_ES\" \/>\n<meta property=\"og:type\" content=\"article\" \/>\n<meta property=\"og:title\" content=\"El Consejo Regulador - Consell Regulador de la DOQ Priorat\" \/>\n<meta property=\"og:url\" content=\"https:\/\/www.doqpriorat.org\/es\/el-consejo\/\" \/>\n<meta property=\"og:site_name\" content=\"Consell Regulador de la DOQ Priorat\" \/>\n<meta property=\"article:modified_time\" content=\"2019-05-29T15:53:22+00:00\" \/>\n<meta name=\"twitter:card\" content=\"summary_large_image\" \/>\n<meta name=\"twitter:label1\" content=\"Tiempo de lectura\" \/>\n\t<meta name=\"twitter:data1\" content=\"4 minutos\" \/>\n<script type=\"application\/ld+json\" class=\"yoast-schema-graph\">{\"@context\":\"https:\\\/\\\/schema.org\",\"@graph\":[{\"@type\":\"WebPage\",\"@id\":\"https:\\\/\\\/www.doqpriorat.org\\\/es\\\/el-consejo\\\/\",\"url\":\"https:\\\/\\\/www.doqpriorat.org\\\/es\\\/el-consejo\\\/\",\"name\":\"El Consejo Regulador - Consell Regulador de la DOQ Priorat\",\"isPartOf\":{\"@id\":\"https:\\\/\\\/www.doqpriorat.org\\\/#website\"},\"datePublished\":\"2019-01-10T09:14:58+00:00\",\"dateModified\":\"2019-05-29T15:53:22+00:00\",\"breadcrumb\":{\"@id\":\"https:\\\/\\\/www.doqpriorat.org\\\/es\\\/el-consejo\\\/#breadcrumb\"},\"inLanguage\":\"es\",\"potentialAction\":[{\"@type\":\"ReadAction\",\"target\":[\"https:\\\/\\\/www.doqpriorat.org\\\/es\\\/el-consejo\\\/\"]}]},{\"@type\":\"BreadcrumbList\",\"@id\":\"https:\\\/\\\/www.doqpriorat.org\\\/es\\\/el-consejo\\\/#breadcrumb\",\"itemListElement\":[{\"@type\":\"ListItem\",\"position\":1,\"name\":\"Inici\",\"item\":\"https:\\\/\\\/www.doqpriorat.org\\\/es\\\/\"},{\"@type\":\"ListItem\",\"position\":2,\"name\":\"El Consejo Regulador\"}]},{\"@type\":\"WebSite\",\"@id\":\"https:\\\/\\\/www.doqpriorat.org\\\/#website\",\"url\":\"https:\\\/\\\/www.doqpriorat.org\\\/\",\"name\":\"Consell Regulador de la DOQ Priorat\",\"description\":\"Altre lloc gestionat amb el WordPress\",\"potentialAction\":[{\"@type\":\"SearchAction\",\"target\":{\"@type\":\"EntryPoint\",\"urlTemplate\":\"https:\\\/\\\/www.doqpriorat.org\\\/?s={search_term_string}\"},\"query-input\":{\"@type\":\"PropertyValueSpecification\",\"valueRequired\":true,\"valueName\":\"search_term_string\"}}],\"inLanguage\":\"es\"}]}<\/script>\n<!-- \/ Yoast SEO plugin. -->","yoast_head_json":{"title":"El Consejo Regulador - Consell Regulador de la DOQ Priorat","robots":{"index":"index","follow":"follow","max-snippet":"max-snippet:-1","max-image-preview":"max-image-preview:large","max-video-preview":"max-video-preview:-1"},"canonical":"https:\/\/www.doqpriorat.org\/es\/el-consejo\/","og_locale":"es_ES","og_type":"article","og_title":"El Consejo Regulador - Consell Regulador de la DOQ Priorat","og_url":"https:\/\/www.doqpriorat.org\/es\/el-consejo\/","og_site_name":"Consell Regulador de la DOQ Priorat","article_modified_time":"2019-05-29T15:53:22+00:00","twitter_card":"summary_large_image","twitter_misc":{"Tiempo de lectura":"4 minutos"},"schema":{"@context":"https:\/\/schema.org","@graph":[{"@type":"WebPage","@id":"https:\/\/www.doqpriorat.org\/es\/el-consejo\/","url":"https:\/\/www.doqpriorat.org\/es\/el-consejo\/","name":"El Consejo Regulador - Consell Regulador de la DOQ Priorat","isPartOf":{"@id":"https:\/\/www.doqpriorat.org\/#website"},"datePublished":"2019-01-10T09:14:58+00:00","dateModified":"2019-05-29T15:53:22+00:00","breadcrumb":{"@id":"https:\/\/www.doqpriorat.org\/es\/el-consejo\/#breadcrumb"},"inLanguage":"es","potentialAction":[{"@type":"ReadAction","target":["https:\/\/www.doqpriorat.org\/es\/el-consejo\/"]}]},{"@type":"BreadcrumbList","@id":"https:\/\/www.doqpriorat.org\/es\/el-consejo\/#breadcrumb","itemListElement":[{"@type":"ListItem","position":1,"name":"Inici","item":"https:\/\/www.doqpriorat.org\/es\/"},{"@type":"ListItem","position":2,"name":"El Consejo Regulador"}]},{"@type":"WebSite","@id":"https:\/\/www.doqpriorat.org\/#website","url":"https:\/\/www.doqpriorat.org\/","name":"Consell Regulador de la DOQ Priorat","description":"Altre lloc gestionat amb el WordPress","potentialAction":[{"@type":"SearchAction","target":{"@type":"EntryPoint","urlTemplate":"https:\/\/www.doqpriorat.org\/?s={search_term_string}"},"query-input":{"@type":"PropertyValueSpecification","valueRequired":true,"valueName":"search_term_string"}}],"inLanguage":"es"}]}},"_links":{"self":[{"href":"https:\/\/www.doqpriorat.org\/es\/wp-json\/wp\/v2\/pages\/2931","targetHints":{"allow":["GET"]}}],"collection":[{"href":"https:\/\/www.doqpriorat.org\/es\/wp-json\/wp\/v2\/pages"}],"about":[{"href":"https:\/\/www.doqpriorat.org\/es\/wp-json\/wp\/v2\/types\/page"}],"author":[{"embeddable":true,"href":"https:\/\/www.doqpriorat.org\/es\/wp-json\/wp\/v2\/users\/1"}],"replies":[{"embeddable":true,"href":"https:\/\/www.doqpriorat.org\/es\/wp-json\/wp\/v2\/comments?post=2931"}],"version-history":[{"count":6,"href":"https:\/\/www.doqpriorat.org\/es\/wp-json\/wp\/v2\/pages\/2931\/revisions"}],"predecessor-version":[{"id":3603,"href":"https:\/\/www.doqpriorat.org\/es\/wp-json\/wp\/v2\/pages\/2931\/revisions\/3603"}],"wp:attachment":[{"href":"https:\/\/www.doqpriorat.org\/es\/wp-json\/wp\/v2\/media?parent=2931"}],"curies":[{"name":"wp","href":"https:\/\/api.w.org\/{rel}","templated":true}]}}

<div class="fusion-fullwidth fullwidth-box fusion-builder-row-1 nonhundred-percent-fullwidth non-hundred-percent-height-scrolling" style="background-color: #ffffff;background-position: center center;background-repeat: no-repeat;padding-top:0px;padding-right:0px;padding-bottom:0px;padding-left:0px;margin-bottom: 0px;margin-top: 0px;border-width: 0px 0px 0px 0px;border-color:#eae9e9;border-style:solid;" ><div class="fusion-builder-row fusion-row"><div class="fusion-layout-column fusion_builder_column fusion-builder-column-0 fusion_builder_column_1_1 1_1 fusion-one-full fusion-column-first fusion-column-last" style="margin-top:0px;margin-bottom:20px;"><div class="fusion-column-wrapper fusion-flex-column-wrapper-legacy" style="background-position:left top;background-repeat:no-repeat;-webkit-background-size:cover;-moz-background-size:cover;-o-background-size:cover;background-size:cover;padding: 0px 0px 0px 0px;"><div class="fusion-text fusion-text-1"><p>En 1924 la Comarca del Priorat d’Scala Dei, formada por los pueblos de Bellmunt, Gratallops, la Morera, Poboleda, Porrera, Torroja y la Vilella Alta, elevaron al Directorio Militar de Primo de Rivera una Exposición en la que solicitaban la adopción de medidas para el reconocimiento de la zona y evitar su despoblación. En 1928, estos mismos pueblos solicitan al Ministerio de Trabajo, Comercio e Industria del Régimen de la época la creación del Consejo Regulador del Priorato de Scala Dei como organismo designado para velar por esta denominación vitícola, por el uso de la marca colectiva y por la gestión de la zona de producción.</p>
<p>En 1932, con la aprobación del Estatuto del Vino por parte del gobierno republicano, se reconoció a la zona del Priorat como región vitivinícola a proteger, pero a causa de las circunstancias sociopolíticas del momento no fue hasta unos años después de la Guerra Civil, en 1954, cuando se oficializó la existencia de la Denominación de Origen Priorat con un reglamento y un Consejo Regulador operativos. Esta medida daba rango legal a una marca vitivinícola con más de 1000 años de historia, tal como se recuerda en el lema que ha escogido el Consejo Regulador de la DOCa Priorat para conmemorar este año 2014: «Priorat, 1.000 años de historia; 60 años de DO».</p>
<p>El Estatuto del Vino promulgado en 1932 por el Ministerio de Agricultura ya reconocía el Priorat como zona vitivinícola a proteger.</p>
<p>La aplicación y ejecución de esta Ley no se pudo realizar a causa de las circunstancias sociopolíticas vividas en el país hasta finales de la Guerra Civil española (1936-1939).</p>
<p>El 23 de Julio de 1954 se aprobó el primer reglamento de la Denominación de Origen Priorat y se publicó en el Boletín Oficial del Estado el 11 de Agosto de 1954. En esos años, la existencia de la denominación de origen supuso la posibilidad de ofrecer ciertas expectativas a la zona, muy castigada por la despoblación y la crisis generalizada del mundo rural. El reglamento se modificó posteriormente el 13 de Octubre de 1959 y más tarde el 19 de Mayo de 1975.</p>
<p>Desde sus inicios la sede del Consejo Regulador se encontraba en la Estación Enológica de Reus, pero en 1999 el Consejo Regulador se trasladó a Torroja del Priorat, lo que ha contribuido a facilitar las gestiones y la posibilidad de implicación del sector.</p>
<p>En el año 2000, a causa del gran reconocimiento mundial que estaban consiguiendo los vinos de la DO Priorat en cuanto a calidad y especificidad y en cumplimiento del Real Decreto 157/88 de 22 de Febrero y del Reglamento (CEE) 1493/99 de 17 de Mayo, el Consejo Regulador en pleno acordó solicitar a la Consejería de Agricultura, Ganadería y Pesca de la Generalitat de Catalunya, a través del <a href="http://www20.gencat.cat/portal/site/DAR/menuitem.5443552f0e295726eaf88613d8c0e1a0/?vgnextoid=ab1e608347b24110VgnVCM1000000b0c1e0aRCRD&amp;vgnextchannel=ab1e608347b24110VgnVCM1000000b0c1e0aRCRD&amp;vgnextfmt=default">Institut Català de la Vinya i el Vi</a>, la concesión del sello de Denominación de Origen Calificada.</p>
<p>La Consejería de Agricultura, una vez realizadas las comprobaciones oportunas, aprobó el Reglamento regulador de la Denominación de Origen Calificada Priorat el 18 de Diciembre de 2000, publicándose en el DOGC (Diari Oficial de la Generalitat de Catalunya) Núm. 3294 de 29 de Diciembre de 2000.</p>
<p>El 18 de Abril de 2006 se aprobó el nuevo reglamento de la DOCa Priorat, adaptándose a la nueva Ley de la Viña y el Vino y a la Llei Vitivinícola Catalana, publicándose el nuevo reglamento en el DOGC Núm. 4618 de 21 de Abril de 2006.</p>
</div><div class="fusion-clearfix"></div></div></div></div></div>
