{"id":2943,"date":"2019-01-10T11:13:58","date_gmt":"2019-01-10T09:13:58","guid":{"rendered":"https:\/\/www.doqpriorat.org\/varietats\/"},"modified":"2019-04-05T14:09:59","modified_gmt":"2019-04-05T12:09:59","slug":"variedades","status":"publish","type":"page","link":"https:\/\/www.doqpriorat.org\/es\/variedades\/","title":{"rendered":"Variedades"},"content":{"rendered":"<p><div class=\"fusion-fullwidth fullwidth-box fusion-builder-row-1 nonhundred-percent-fullwidth non-hundred-percent-height-scrolling\" style=\"background-color: #ffffff;background-position: center center;background-repeat: no-repeat;padding-top:0px;padding-right:0px;padding-bottom:0px;padding-left:0px;margin-bottom: 40px;margin-top: 0px;border-width: 0px 0px 0px 0px;border-color:#eae9e9;border-style:solid;\" ><div class=\"fusion-builder-row fusion-row\"><div class=\"fusion-layout-column fusion_builder_column fusion-builder-column-0 fusion_builder_column_1_1 1_1 fusion-one-full fusion-column-first fusion-column-last\" style=\"margin-top:0px;margin-bottom:20px;\"><div class=\"fusion-column-wrapper fusion-flex-column-wrapper-legacy\" style=\"background-position:left top;background-repeat:no-repeat;-webkit-background-size:cover;-moz-background-size:cover;-o-background-size:cover;background-size:cover;padding: 0px 0px 0px 0px;\"><div class=\"fusion-text fusion-text-1\"><h2 style=\"text-align: center;\">La garnacha y la cari\u00f1ena, el ADN de la DOQ Priorat<\/h2>\n<p>Es dif\u00edcil entender el Priorat sin su viticultura. Una larga historia nos ayuda a entenderla como proceso respetuoso y c\u00f3mplice con el medio natural.<\/p>\n<p>El cultivo de la vi\u00f1a se distribuye en altitudes que van desde los 100 metros sobre el nivel del mar en las partes m\u00e1s bajas de los t\u00e9rminos de Bellmunt del Priorat y el Molar, hasta los 750 metros en las partes elevadas de los t\u00e9rminos de la Morera de Montsant y Porrera. La configuraci\u00f3n del cultivo se caracteriza por pendientes que superan el 15% de desnivel en la mayor parte de casos, y algunas fincas llegan al 60%. La tortuosa geograf\u00eda de esta zona obliga a cultivar el vi\u00f1edo en pendientes (\u00abcosters\u00bb en lengua catalana), algunos de los cuales no permiten un acceso mec\u00e1nico. Por este motivo se trabaja siguiendo las formas m\u00e1s tradicionales de cultivo. El paisaje que generan estos vi\u00f1edos es una de las caracter\u00edsticas del Priorat, que le aportan esta personalidad e identidad tan acusadas.<\/p>\n<p>A causa del tipo de terru\u00f1o y del clima tan peculiares, la cepa sufre de manera importante y, como consecuencia, se obtienen unas vendimias m\u00e1s bien escasas, con unos rendimientos de uva bastante bajos, que no superan la cantidad de 1 kg. por planta como media, pero que otorgan a los vinos de esta zona de una identidad muy singular.<\/p>\n<p>La vendimia suele ser muy prolongada: empieza a mediados del mes de septiembre en Bellmunt y el Lloar y se prolonga hasta finales de octubre o principios de noviembre en Porrera y la Morera de Montsant. La fermentaci\u00f3n larga de la uva madura hace posible obtener una serie de componentes de gran riqueza en cada grano y una maceraci\u00f3n muy completa.<\/p>\n<\/div><div class=\"fusion-clearfix\"><\/div><\/div><\/div><\/div><\/div><div class=\"fusion-fullwidth fullwidth-box fusion-builder-row-2 nonhundred-percent-fullwidth non-hundred-percent-height-scrolling\" style=\"background-color: #ffffff;background-position: center center;background-repeat: no-repeat;padding-top:0px;padding-right:0px;padding-bottom:0px;padding-left:0px;margin-bottom: 0px;margin-top: 0px;border-width: 0px 0px 0px 0px;border-color:#eae9e9;border-style:solid;\" ><div class=\"fusion-builder-row fusion-row\"><div class=\"fusion-layout-column fusion_builder_column fusion-builder-column-1 fusion_builder_column_1_2 1_2 fusion-one-half fusion-column-first\" style=\"width:50%;width:calc(50% - ( ( 4% ) * 0.5 ) );margin-right: 4%;margin-top:0px;margin-bottom:20px;\"><div class=\"fusion-column-wrapper fusion-flex-column-wrapper-legacy\" style=\"background-position:left top;background-repeat:no-repeat;-webkit-background-size:cover;-moz-background-size:cover;-o-background-size:cover;background-size:cover;padding: 0px 0px 0px 0px;\"><div class=\"fusion-text fusion-text-2\"><p><u>Las Variedades<\/u><\/p>\n<p>Las variedades recomendadas y las autorizadas en la Denominaci\u00f3n de Origen Calificada Priorat son las siguientes:<\/p>\n<p><strong>Variedades tintas recomendadas<\/strong>: garnacha tinta, cari\u00f1ena.<\/p>\n<p><strong>Variedades tintas autorizadas:<\/strong>\u00a0garnacha peluda, tempranillo, picapoll negre,\u00a0cabernet sauvignon, cabernet franc, pinot noir, merlot i\u00a0syrah.<\/p>\n<p><strong>Variedades\u00a0blancas:\u00a0<\/strong>garnacha blanca, macabeo, Pedro Xim\u00e9nez, chenin blanc, moscatel de Alejandr\u00eda, moscatel de grano menudo, blanquilla, <em>picapoll blanc<\/em> y viognier.<\/p>\n<p>Garnacha y Cari\u00f1ena, estrellas de un selecto abanico de variedades.<\/p>\n<p>Las variedades m\u00e1s cultivadas en el Priorat son las tintas, con la garnacha y la cari\u00f1ena como variedades aut\u00f3ctonas m\u00e1s destacadas.<\/p>\n<\/div><div class=\"fusion-clearfix\"><\/div><\/div><\/div><div class=\"fusion-layout-column fusion_builder_column fusion-builder-column-2 fusion_builder_column_1_2 1_2 fusion-one-half fusion-column-last\" style=\"width:50%;width:calc(50% - ( ( 4% ) * 0.5 ) );margin-top:0px;margin-bottom:20px;\"><div class=\"fusion-column-wrapper fusion-flex-column-wrapper-legacy\" style=\"background-position:left top;background-repeat:no-repeat;-webkit-background-size:cover;-moz-background-size:cover;-o-background-size:cover;background-size:cover;padding: 0px 0px 0px 0px;\"><span class=\" fusion-imageframe imageframe-none imageframe-1 hover-type-none\"><a href=\"https:\/\/www.doqpriorat.org\/wp-content\/uploads\/2019\/03\/Garnatxa-FINAL.png\" class=\"fusion-lightbox\" data-rel=\"iLightbox[0613e60506973778639]\" data-title=\"Garnatxa FINAL\" title=\"Garnatxa FINAL\"><img decoding=\"async\" width=\"530\" height=\"390\" src=\"https:\/\/www.doqpriorat.org\/wp-content\/uploads\/2019\/03\/Garnatxa-FINAL.png\" class=\"img-responsive wp-image-3122\" srcset=\"https:\/\/www.doqpriorat.org\/wp-content\/uploads\/2019\/03\/Garnatxa-FINAL-200x147.png 200w, https:\/\/www.doqpriorat.org\/wp-content\/uploads\/2019\/03\/Garnatxa-FINAL-400x294.png 400w, https:\/\/www.doqpriorat.org\/wp-content\/uploads\/2019\/03\/Garnatxa-FINAL.png 530w\" sizes=\"(max-width: 800px) 100vw, 530px\" \/><\/a><\/span><div class=\"fusion-clearfix\"><\/div><\/div><\/div><\/div><\/div><\/p>\n","protected":false},"excerpt":{"rendered":"","protected":false},"author":1,"featured_media":0,"parent":0,"menu_order":0,"comment_status":"closed","ping_status":"closed","template":"","meta":{"footnotes":""},"class_list":["post-2943","page","type-page","status-publish","hentry"],"yoast_head":"<!-- This site is optimized with the Yoast SEO plugin v27.5 - https:\/\/yoast.com\/product\/yoast-seo-wordpress\/ -->\n<title>Variedades - Consell Regulador de la DOQ Priorat<\/title>\n<meta name=\"robots\" content=\"index, follow, max-snippet:-1, max-image-preview:large, max-video-preview:-1\" \/>\n<link rel=\"canonical\" href=\"https:\/\/www.doqpriorat.org\/es\/variedades\/\" \/>\n<meta property=\"og:locale\" content=\"es_ES\" \/>\n<meta property=\"og:type\" content=\"article\" \/>\n<meta property=\"og:title\" content=\"Variedades - Consell Regulador de la DOQ Priorat\" \/>\n<meta property=\"og:url\" content=\"https:\/\/www.doqpriorat.org\/es\/variedades\/\" \/>\n<meta property=\"og:site_name\" content=\"Consell Regulador de la DOQ Priorat\" \/>\n<meta property=\"article:modified_time\" content=\"2019-04-05T12:09:59+00:00\" \/>\n<meta name=\"twitter:card\" content=\"summary_large_image\" \/>\n<meta name=\"twitter:label1\" content=\"Tiempo de lectura\" \/>\n\t<meta name=\"twitter:data1\" content=\"5 minutos\" \/>\n<script type=\"application\/ld+json\" class=\"yoast-schema-graph\">{\"@context\":\"https:\\\/\\\/schema.org\",\"@graph\":[{\"@type\":\"WebPage\",\"@id\":\"https:\\\/\\\/www.doqpriorat.org\\\/es\\\/variedades\\\/\",\"url\":\"https:\\\/\\\/www.doqpriorat.org\\\/es\\\/variedades\\\/\",\"name\":\"Variedades - Consell Regulador de la DOQ Priorat\",\"isPartOf\":{\"@id\":\"https:\\\/\\\/www.doqpriorat.org\\\/#website\"},\"datePublished\":\"2019-01-10T09:13:58+00:00\",\"dateModified\":\"2019-04-05T12:09:59+00:00\",\"breadcrumb\":{\"@id\":\"https:\\\/\\\/www.doqpriorat.org\\\/es\\\/variedades\\\/#breadcrumb\"},\"inLanguage\":\"es\",\"potentialAction\":[{\"@type\":\"ReadAction\",\"target\":[\"https:\\\/\\\/www.doqpriorat.org\\\/es\\\/variedades\\\/\"]}]},{\"@type\":\"BreadcrumbList\",\"@id\":\"https:\\\/\\\/www.doqpriorat.org\\\/es\\\/variedades\\\/#breadcrumb\",\"itemListElement\":[{\"@type\":\"ListItem\",\"position\":1,\"name\":\"Inici\",\"item\":\"https:\\\/\\\/www.doqpriorat.org\\\/es\\\/\"},{\"@type\":\"ListItem\",\"position\":2,\"name\":\"Variedades\"}]},{\"@type\":\"WebSite\",\"@id\":\"https:\\\/\\\/www.doqpriorat.org\\\/#website\",\"url\":\"https:\\\/\\\/www.doqpriorat.org\\\/\",\"name\":\"Consell Regulador de la DOQ Priorat\",\"description\":\"Altre lloc gestionat amb el WordPress\",\"potentialAction\":[{\"@type\":\"SearchAction\",\"target\":{\"@type\":\"EntryPoint\",\"urlTemplate\":\"https:\\\/\\\/www.doqpriorat.org\\\/?s={search_term_string}\"},\"query-input\":{\"@type\":\"PropertyValueSpecification\",\"valueRequired\":true,\"valueName\":\"search_term_string\"}}],\"inLanguage\":\"es\"}]}<\/script>\n<!-- \/ Yoast SEO plugin. -->","yoast_head_json":{"title":"Variedades - Consell Regulador de la DOQ Priorat","robots":{"index":"index","follow":"follow","max-snippet":"max-snippet:-1","max-image-preview":"max-image-preview:large","max-video-preview":"max-video-preview:-1"},"canonical":"https:\/\/www.doqpriorat.org\/es\/variedades\/","og_locale":"es_ES","og_type":"article","og_title":"Variedades - Consell Regulador de la DOQ Priorat","og_url":"https:\/\/www.doqpriorat.org\/es\/variedades\/","og_site_name":"Consell Regulador de la DOQ Priorat","article_modified_time":"2019-04-05T12:09:59+00:00","twitter_card":"summary_large_image","twitter_misc":{"Tiempo de lectura":"5 minutos"},"schema":{"@context":"https:\/\/schema.org","@graph":[{"@type":"WebPage","@id":"https:\/\/www.doqpriorat.org\/es\/variedades\/","url":"https:\/\/www.doqpriorat.org\/es\/variedades\/","name":"Variedades - Consell Regulador de la DOQ Priorat","isPartOf":{"@id":"https:\/\/www.doqpriorat.org\/#website"},"datePublished":"2019-01-10T09:13:58+00:00","dateModified":"2019-04-05T12:09:59+00:00","breadcrumb":{"@id":"https:\/\/www.doqpriorat.org\/es\/variedades\/#breadcrumb"},"inLanguage":"es","potentialAction":[{"@type":"ReadAction","target":["https:\/\/www.doqpriorat.org\/es\/variedades\/"]}]},{"@type":"BreadcrumbList","@id":"https:\/\/www.doqpriorat.org\/es\/variedades\/#breadcrumb","itemListElement":[{"@type":"ListItem","position":1,"name":"Inici","item":"https:\/\/www.doqpriorat.org\/es\/"},{"@type":"ListItem","position":2,"name":"Variedades"}]},{"@type":"WebSite","@id":"https:\/\/www.doqpriorat.org\/#website","url":"https:\/\/www.doqpriorat.org\/","name":"Consell Regulador de la DOQ Priorat","description":"Altre lloc gestionat amb el WordPress","potentialAction":[{"@type":"SearchAction","target":{"@type":"EntryPoint","urlTemplate":"https:\/\/www.doqpriorat.org\/?s={search_term_string}"},"query-input":{"@type":"PropertyValueSpecification","valueRequired":true,"valueName":"search_term_string"}}],"inLanguage":"es"}]}},"_links":{"self":[{"href":"https:\/\/www.doqpriorat.org\/es\/wp-json\/wp\/v2\/pages\/2943","targetHints":{"allow":["GET"]}}],"collection":[{"href":"https:\/\/www.doqpriorat.org\/es\/wp-json\/wp\/v2\/pages"}],"about":[{"href":"https:\/\/www.doqpriorat.org\/es\/wp-json\/wp\/v2\/types\/page"}],"author":[{"embeddable":true,"href":"https:\/\/www.doqpriorat.org\/es\/wp-json\/wp\/v2\/users\/1"}],"replies":[{"embeddable":true,"href":"https:\/\/www.doqpriorat.org\/es\/wp-json\/wp\/v2\/comments?post=2943"}],"version-history":[{"count":7,"href":"https:\/\/www.doqpriorat.org\/es\/wp-json\/wp\/v2\/pages\/2943\/revisions"}],"predecessor-version":[{"id":3394,"href":"https:\/\/www.doqpriorat.org\/es\/wp-json\/wp\/v2\/pages\/2943\/revisions\/3394"}],"wp:attachment":[{"href":"https:\/\/www.doqpriorat.org\/es\/wp-json\/wp\/v2\/media?parent=2943"}],"curies":[{"name":"wp","href":"https:\/\/api.w.org\/{rel}","templated":true}]}}

<p><div class="fusion-fullwidth fullwidth-box fusion-builder-row-1 nonhundred-percent-fullwidth non-hundred-percent-height-scrolling" style="background-color: #ffffff;background-position: center center;background-repeat: no-repeat;padding-top:0px;padding-right:0px;padding-bottom:0px;padding-left:0px;margin-bottom: 40px;margin-top: 0px;border-width: 0px 0px 0px 0px;border-color:#eae9e9;border-style:solid;" ><div class="fusion-builder-row fusion-row"><div class="fusion-layout-column fusion_builder_column fusion-builder-column-0 fusion_builder_column_1_1 1_1 fusion-one-full fusion-column-first fusion-column-last" style="margin-top:0px;margin-bottom:20px;"><div class="fusion-column-wrapper fusion-flex-column-wrapper-legacy" style="background-position:left top;background-repeat:no-repeat;-webkit-background-size:cover;-moz-background-size:cover;-o-background-size:cover;background-size:cover;padding: 0px 0px 0px 0px;"><div class="fusion-text fusion-text-1"><h2 style="text-align: center;">La garnacha y la cariñena, el ADN de la DOQ Priorat</h2>
<p>Es difícil entender el Priorat sin su viticultura. Una larga historia nos ayuda a entenderla como proceso respetuoso y cómplice con el medio natural.</p>
<p>El cultivo de la viña se distribuye en altitudes que van desde los 100 metros sobre el nivel del mar en las partes más bajas de los términos de Bellmunt del Priorat y el Molar, hasta los 750 metros en las partes elevadas de los términos de la Morera de Montsant y Porrera. La configuración del cultivo se caracteriza por pendientes que superan el 15% de desnivel en la mayor parte de casos, y algunas fincas llegan al 60%. La tortuosa geografía de esta zona obliga a cultivar el viñedo en pendientes («costers» en lengua catalana), algunos de los cuales no permiten un acceso mecánico. Por este motivo se trabaja siguiendo las formas más tradicionales de cultivo. El paisaje que generan estos viñedos es una de las características del Priorat, que le aportan esta personalidad e identidad tan acusadas.</p>
<p>A causa del tipo de terruño y del clima tan peculiares, la cepa sufre de manera importante y, como consecuencia, se obtienen unas vendimias más bien escasas, con unos rendimientos de uva bastante bajos, que no superan la cantidad de 1 kg. por planta como media, pero que otorgan a los vinos de esta zona de una identidad muy singular.</p>
<p>La vendimia suele ser muy prolongada: empieza a mediados del mes de septiembre en Bellmunt y el Lloar y se prolonga hasta finales de octubre o principios de noviembre en Porrera y la Morera de Montsant. La fermentación larga de la uva madura hace posible obtener una serie de componentes de gran riqueza en cada grano y una maceración muy completa.</p>
</div><div class="fusion-clearfix"></div></div></div></div></div><div class="fusion-fullwidth fullwidth-box fusion-builder-row-2 nonhundred-percent-fullwidth non-hundred-percent-height-scrolling" style="background-color: #ffffff;background-position: center center;background-repeat: no-repeat;padding-top:0px;padding-right:0px;padding-bottom:0px;padding-left:0px;margin-bottom: 0px;margin-top: 0px;border-width: 0px 0px 0px 0px;border-color:#eae9e9;border-style:solid;" ><div class="fusion-builder-row fusion-row"><div class="fusion-layout-column fusion_builder_column fusion-builder-column-1 fusion_builder_column_1_2 1_2 fusion-one-half fusion-column-first" style="width:50%;width:calc(50% - ( ( 4% ) * 0.5 ) );margin-right: 4%;margin-top:0px;margin-bottom:20px;"><div class="fusion-column-wrapper fusion-flex-column-wrapper-legacy" style="background-position:left top;background-repeat:no-repeat;-webkit-background-size:cover;-moz-background-size:cover;-o-background-size:cover;background-size:cover;padding: 0px 0px 0px 0px;"><div class="fusion-text fusion-text-2"><p><u>Las Variedades</u></p>
<p>Las variedades recomendadas y las autorizadas en la Denominación de Origen Calificada Priorat son las siguientes:</p>
<p><strong>Variedades tintas recomendadas</strong>: garnacha tinta, cariñena.</p>
<p><strong>Variedades tintas autorizadas:</strong> garnacha peluda, tempranillo, picapoll negre, cabernet sauvignon, cabernet franc, pinot noir, merlot i syrah.</p>
<p><strong>Variedades blancas: </strong>garnacha blanca, macabeo, Pedro Ximénez, chenin blanc, moscatel de Alejandría, moscatel de grano menudo, blanquilla, <em>picapoll blanc</em> y viognier.</p>
<p>Garnacha y Cariñena, estrellas de un selecto abanico de variedades.</p>
<p>Las variedades más cultivadas en el Priorat son las tintas, con la garnacha y la cariñena como variedades autóctonas más destacadas.</p>
</div><div class="fusion-clearfix"></div></div></div><div class="fusion-layout-column fusion_builder_column fusion-builder-column-2 fusion_builder_column_1_2 1_2 fusion-one-half fusion-column-last" style="width:50%;width:calc(50% - ( ( 4% ) * 0.5 ) );margin-top:0px;margin-bottom:20px;"><div class="fusion-column-wrapper fusion-flex-column-wrapper-legacy" style="background-position:left top;background-repeat:no-repeat;-webkit-background-size:cover;-moz-background-size:cover;-o-background-size:cover;background-size:cover;padding: 0px 0px 0px 0px;"><span class=" fusion-imageframe imageframe-none imageframe-1 hover-type-none"><a href="https://www.doqpriorat.org/wp-content/uploads/2019/03/Garnatxa-FINAL.png" class="fusion-lightbox" data-rel="iLightbox[0613e60506973778639]" data-title="Garnatxa FINAL" title="Garnatxa FINAL"><img decoding="async" width="530" height="390" src="https://www.doqpriorat.org/wp-content/uploads/2019/03/Garnatxa-FINAL.png" class="img-responsive wp-image-3122" srcset="https://www.doqpriorat.org/wp-content/uploads/2019/03/Garnatxa-FINAL-200x147.png 200w, https://www.doqpriorat.org/wp-content/uploads/2019/03/Garnatxa-FINAL-400x294.png 400w, https://www.doqpriorat.org/wp-content/uploads/2019/03/Garnatxa-FINAL.png 530w" sizes="(max-width: 800px) 100vw, 530px" /></a></span><div class="fusion-clearfix"></div></div></div></div></div></p>
